s digit of 7659900?
9
What is the hundred thousands digit of 353938?
3
What is the thousands digit of 22694908?
4
What is the ten thousands digit of 10002443?
0
What is the hundreds digit of 322944?
9
What is the tens digit of 97478?
7
What is the millions digit of 6115410?
6
What is the hundred thousands digit of 237559?
2
What is the ten thousands digit of 474442?
7
What is the units digit of 541461?
1
What is the hundreds digit of 1300146?
1
What is the units digit of 1876934?
4
What is the millions digit of 5548577?
5
What is the hundreds digit of 7345097?
0
What is the thousands digit of 3194733?
4
What is the thousands digit of 121419?
1
What is the millions digit of 22342836?
2
What is the tens digit of 1724823?
2
What is the tens digit of 692759?
5
What is the units digit of 1478138?
8
What is the hundred thousands digit of 603537?
6
What is the hundreds digit of 11867636?
6
What is the units digit of 3779436?
6
What is the ten millions digit of 11866935?
1
What is the hundreds digit of 278951?
9
What is the thousands digit of 305191?
5
What is the thousands digit of 10400461?
0
What is the tens digit of 1159645?
4
What is the thousands digit of 32448485?
8
What is the millions digit of 10343806?
0
What is the hundred thousands digit of 145638?
1
What is the hundred thousands digit of 902075?
9
What is the hundred thousands digit of 4757937?
7
What is the units digit of 5252135?
5
What is the hundreds digit of 278081?
0
What is the hundreds digit of 2095499?
4
What is the units digit of 170639?
9
What is the thousands digit of 596197?
6
What is the hundreds digit of 4436773?
7
What is the hundred thousands digit of 2234341?
2
What is the hundreds digit of 7188928?
9
What is the units digit of 250113?
3
What is the hundreds digit of 654914?
9
What is the hundred thousands digit of 3686543?
6
What is the ten thousands digit of 388234?
8
What is the units digit of 458600?
0
What is the ten thousands digit of 501917?
0
What is the thousands digit of 2004932?
4
What is the millions digit of 14543592?
4
What is the millions digit of 25692729?
5
What is the millions digit of 2826479?
2
What is the thousands digit of 1772915?
2
What is the hundred thousands digit of 1714070?
7
What is the ten thousands digit of 12093796?
9
What is the tens digit of 125379?
7
What is the ten thousands digit of 25746?
2
What is the millions digit of 5811441?
5
What is the tens digit of 1728194?
9
What is the hundred thousands digit of 1398244?
3
What is the units digit of 146966?
6
What is the millions digit of 12333090?
2
What is the hundred thousands digit of 548030?
5
What is the thousands digit of 687145?
7
What is the ten thousands digit of 165878?
6
What is the ten thousands digit of 166367?
6
What is the ten thousands digit of 656212?
5
What is the thousands digit of 116565?
6
What is the tens digit of 9285130?
3
What is the ten thousands digit of 1469799?
6
What is the tens digit of 229452?
5
What is the hundreds digit of 589734?
7
What is the hundreds digit of 157801?
8
What is the tens digit of 9197832?
3
What is the ten thousands digit of 909645?
0
What is the units digit of 3144561?
1
What is the hundred thousands digit of 2049748?
0
What is the hundreds digit of 3907897?
8
What is the ten millions digit of 23842156?
2
What is the hundreds digit of 44109?
1
What is the ten thousands digit of 3586286?
8
What is the ten thousands digit of 127066?
2
What is the ten thousands digit of 89824?
8
What is the thousands digit of 985042?
5
What is the hundreds digit of 468140?
1
What is the hundreds digit of 839876?
8
What is the hundreds digit of 2144752?
7
What is the units digit of 6250031?
1
What is the hundreds digit of 10943276?
2
What is the units digit of 3904350?
0
What is the hundreds digit of 5755256?
2
What is the ten thousands digit of 666352?
6
What is the thousands digit of 2202751?
2
What is the hundreds digit of 1222386?
3
What is the hundreds digit of 643355?
3
What is the hundred thousands digit of 2625201?
6
What is the hundreds digit of 883361?
3
What is the tens digit of 94934?
3
What is the hundreds digit of 10122810?
8
What is the units digit of 438038?
8
What is the tens digit of 897789?
8
What is the thousands digit of 169583?
9
What is the tens digit of 221756?
5
What is the tens digit of 214831?
3
What is the hundred thousands digit of 142189?
1
What is the hundreds digit of 344218?
2
What is the hundreds digit of 443188?
1
What is the hundreds digit of 227017?
0
What is the ten thousands digit of 3728184?
2
What is the ten thousands digit of 255786?
5
What is the ten millions digit of 12307861?
1
What is the units digit of 4210198?
8
What is the units digit of 529661?
1
What is the units digit of 20794307?
7
What is the hundred thousands digit of 845275?
8
What is the units digit of 329714?
4
What is the thousands digit of 3031334?
1
What is the units digit of 3864328?
8
What is the tens digit of 8739?
3
What is the hundred thousands digit of 575291?
5
What is the tens digit of 801540?
4
What is the thousands digit of 866259?
6
What is the hundreds digit of 394590?
5
What is the tens digit of 857016?
1
What is the tens digit of 1330892?
9
What is the tens digit of 2478931?
3
What is the tens digit of 2604378?
7
What is the hundreds digit of 95843?
8
What is the millions digit of 3458647?
3
What is the units digit of 1572304?
4
What is the hundreds digit of 199432?
4
What is the thousands digit of 173167?
3
What is the millions digit of 9176317?
9
What is the hundreds digit of 1056035?
0
What is the units digit of 12299418?
8
What is the thousands digit of 703822?
3
What is the tens digit of 5384931?
3
What is the tens digit of 633712?
1
What is the units digit of 155649?
9
What is the units digit of 849857?
7
What is the ten thousands digit of 2002699?
0
What is the hundred thousands digit of 10229915?
2
What is the ten thousands digit of 817214?
1
What is the thousands digit of 1179773?
9
What is the hundred thousands digit of 645691?
6
What is the hundreds digit of 462611?
6
What is the thousands digit of 24301?
4
What is the units digit of 3796033?
3
What is the units digit of 2425451?
1
What is the ten thousands digit of 1038019?
3
What is the ten millions digit of 12484198?
1
What is the units digit of 2975749?
9
What is the millions digit of 1936034?
1
What is the units digit of 6361809?
9
What is the millions digit of 1520566?
1
What is the hundred thousands digit of 8648688?
6
What is the hundred thousands digit of 210861?
2
What is the tens digit of 18297392?
9
What is the tens digit of 327709?
0
What is the units digit of 17145153?
3
What is the tens digit of 826761?
6
What is the thousands digit of 196003?
6
What is the thousands digit of 4532238?
2
What is the hundred thousands digit of 11838530?
8
What is the thousands digit of 373484?
3
What is the ten thousands digit of 20412545?
1
What is the tens digit of 3186122?
2
What is the tens digit of 3725994?
9
What is the thousands digit of 146547?
6
What is the hundred thousands digit of 640959?
6
What is the thousands digit of 13641972?
1
What is the ten thousands digit of 127274?
2
What is the ten thousands digit of 7767044?
6
What is the hundreds digit of 43769?
7
What is the thousands digit of 40562?
0
What is the units digit of 158334?
4
What is the hundred thousands digit of 2152928?
1
What is the units digit of 326448?
8
What is the hundreds digit of 10003203?
2
What is the thousands digit of 1299022?
9
What is the tens digit of 6862490?
9
What is the tens digit of 48442?
4
What is the tens digit of 12036996?
9
What is the ten thousands digit of 178068?
7
What is the hundred thousands digit of 114320?
1
What is the hundreds digit of 1121658?
6
What is the hundreds digit of 260741?
7
What is the thousands digit of 1790733?
0
What is the hundreds digit of 379898?
8
What is the thousands digit of 883702?
3
What is the hundreds digit of 94067?
0
What is the thousands digit of 48011?
8
What is the thousands digit of 1858204?
8
What is the units digit of 768651?
1
What is the tens digit of 216773?
7
What is the thousands digit of 392034?
2
What is the units digit of 11355262?
2
What is the thousands digit of 6582752?
2
What is the hundreds digit of 1133957?
9
What i